{"id":2211,"date":"2021-10-04T11:36:10","date_gmt":"2021-10-04T09:36:10","guid":{"rendered":"http:\/\/noun\/sn23\/?page_id=2211"},"modified":"2021-12-14T11:21:45","modified_gmt":"2021-12-14T10:21:45","slug":"comite-local","status":"publish","type":"page","link":"https:\/\/www.neurosciences.asso.fr\/SN23\/a-propos\/comite-local\/","title":{"rendered":"Local Organizing Committee"},"content":{"rendered":"\n<h2>President<\/h2>\n\n\n\n<p>Jean-Ren\u00e9 Duhamel<\/p>\n\n\n\n<h2>Vice President<\/h2>\n\n\n\n<p>Anne Didier<\/p>\n\n\n\n<h2>Members<\/h2>\n\n\n\n<figure class=\"wp-block-table is-style-stripes\"><table><tbody><tr><td>Antoine Ameloot<\/td><td>Pierre Fourneret<\/td><\/tr><tr><td>C\u00e9line Amiez<\/td><td>Val\u00e9rie Gaveau<\/td><\/tr><tr><td>Suliann Ben Hamed<\/td><td>Mateus Joffily<\/td><\/tr><tr><td>Jennifer Beneyton<\/td><td>J\u00e9r\u00e9mie Mattout<\/td><\/tr><tr><td>Jean-Louis Bessereau<\/td><td>Christelle Peyron<\/td><\/tr><tr><td>Pascale Bomont<\/td><td>Emmanuel Procyk<\/td><\/tr><tr><td>J\u00e9r\u00f4me Brunelin<\/td><td>H\u00e9l\u00e8ne Puccio<\/td><\/tr><tr><td>Julien Courchet<\/td><td>Olivier Raineteau<\/td><\/tr><tr><td>Caroline Demily<\/td><td>Sylvain Rheims<\/td><\/tr><tr><td>Ouria Dkhissi-Benyahya<\/td><td>Clara Saleri<\/td><\/tr><tr><td>Alexandra Fargeot<\/td><td>J\u00e9r\u00f4me Sallet<\/td><\/tr><tr><td>Pier-Francesco Ferrarri<\/td><td>Sylvia Wirth<\/td><\/tr><\/tbody><\/table><\/figure>\n\n\n\n<div style=\"height:100px\" aria-hidden=\"true\" class=\"wp-block-spacer\"><\/div>\n","protected":false},"excerpt":{"rendered":"<p>President Jean-Ren\u00e9 Duhamel Vice President Anne Didier Members Antoine Ameloot Pierre Fourneret C\u00e9line Amiez Val\u00e9rie Gaveau Suliann Ben Hamed Mateus Joffily Jennifer Beneyton J\u00e9r\u00e9mie Mattout Jean-Louis Bessereau Christelle Peyron Pascale Bomont Emmanuel Procyk J\u00e9r\u00f4me Brunelin H\u00e9l\u00e8ne Puccio Julien Courchet Olivier Raineteau Caroline Demily Sylvain Rheims Ouria Dkhissi-Benyahya Clara Saleri Alexandra Fargeot J\u00e9r\u00f4me Sallet Pier-Francesco Ferrarri [&hellip;]<\/p>\n","protected":false},"author":1,"featured_media":0,"parent":2207,"menu_order":2,"comment_status":"closed","ping_status":"closed","template":"","meta":{"om_disable_all_campaigns":false,"_mi_skip_tracking":false},"categories":[],"tags":[],"aioseo_notices":[],"_links":{"self":[{"href":"https:\/\/www.neurosciences.asso.fr\/SN23\/wp-json\/wp\/v2\/pages\/2211"}],"collection":[{"href":"https:\/\/www.neurosciences.asso.fr\/SN23\/wp-json\/wp\/v2\/pages"}],"about":[{"href":"https:\/\/www.neurosciences.asso.fr\/SN23\/wp-json\/wp\/v2\/types\/page"}],"author":[{"embeddable":true,"href":"https:\/\/www.neurosciences.asso.fr\/SN23\/wp-json\/wp\/v2\/users\/1"}],"replies":[{"embeddable":true,"href":"https:\/\/www.neurosciences.asso.fr\/SN23\/wp-json\/wp\/v2\/comments?post=2211"}],"version-history":[{"count":5,"href":"https:\/\/www.neurosciences.asso.fr\/SN23\/wp-json\/wp\/v2\/pages\/2211\/revisions"}],"predecessor-version":[{"id":2352,"href":"https:\/\/www.neurosciences.asso.fr\/SN23\/wp-json\/wp\/v2\/pages\/2211\/revisions\/2352"}],"up":[{"embeddable":true,"href":"https:\/\/www.neurosciences.asso.fr\/SN23\/wp-json\/wp\/v2\/pages\/2207"}],"wp:attachment":[{"href":"https:\/\/www.neurosciences.asso.fr\/SN23\/wp-json\/wp\/v2\/media?parent=2211"}],"wp:term":[{"taxonomy":"category","embeddable":true,"href":"https:\/\/www.neurosciences.asso.fr\/SN23\/wp-json\/wp\/v2\/categories?post=2211"},{"taxonomy":"post_tag","embeddable":true,"href":"https:\/\/www.neurosciences.asso.fr\/SN23\/wp-json\/wp\/v2\/tags?post=2211"}],"curies":[{"name":"wp","href":"https:\/\/api.w.org\/{rel}","templated":true}]}}

<h2>President</h2>



<p>Jean-René Duhamel</p>



<h2>Vice President</h2>



<p>Anne Didier</p>



<h2>Members</h2>



<figure class="wp-block-table is-style-stripes"><table><tbody><tr><td>Antoine Ameloot</td><td>Pierre Fourneret</td></tr><tr><td>Céline Amiez</td><td>Valérie Gaveau</td></tr><tr><td>Suliann Ben Hamed</td><td>Mateus Joffily</td></tr><tr><td>Jennifer Beneyton</td><td>Jérémie Mattout</td></tr><tr><td>Jean-Louis Bessereau</td><td>Christelle Peyron</td></tr><tr><td>Pascale Bomont</td><td>Emmanuel Procyk</td></tr><tr><td>Jérôme Brunelin</td><td>Hélène Puccio</td></tr><tr><td>Julien Courchet</td><td>Olivier Raineteau</td></tr><tr><td>Caroline Demily</td><td>Sylvain Rheims</td></tr><tr><td>Ouria Dkhissi-Benyahya</td><td>Clara Saleri</td></tr><tr><td>Alexandra Fargeot</td><td>Jérôme Sallet</td></tr><tr><td>Pier-Francesco Ferrarri</td><td>Sylvia Wirth</td></tr></tbody></table></figure>



<div style="height:100px" aria-hidden="true" class="wp-block-spacer"></div>

<p>President Jean-René Duhamel Vice President Anne Didier Members Antoine Ameloot Pierre Fourneret Céline Amiez Valérie Gaveau Suliann Ben Hamed Mateus Joffily Jennifer Beneyton Jérémie Mattout Jean-Louis Bessereau Christelle Peyron Pascale Bomont Emmanuel Procyk Jérôme Brunelin Hélène Puccio Julien Courchet Olivier Raineteau Caroline Demily Sylvain Rheims Ouria Dkhissi-Benyahya Clara Saleri Alexandra Fargeot Jérôme Sallet Pier-Francesco Ferrarri [&hellip;]</p>
